n factor of 94833 and 11644.
41
Calculate the greatest common factor of 9928 and 3984239.
17
Calculate the highest common factor of 3186 and 342374994.
1062
What is the greatest common factor of 237414142 and 81466?
7406
What is the greatest common factor of 1391530 and 58710?
1030
Calculate the greatest common divisor of 6357858 and 94729.
2203
Calculate the greatest common divisor of 109903684 and 88.
44
What is the greatest common divisor of 70422 and 717046?
242
Calculate the greatest common divisor of 10935 and 68688.
81
Calculate the greatest common divisor of 330 and 6212690.
110
What is the highest common divisor of 440 and 11312015?
55
What is the greatest common factor of 400712 and 402688?
104
What is the highest common factor of 5904 and 656144?
16
What is the greatest common factor of 87 and 60716894?
29
What is the greatest common divisor of 21063 and 45339?
357
Calculate the highest common divisor of 11895 and 151585.
305
What is the greatest common divisor of 618759 and 6561?
81
What is the highest common divisor of 1116747 and 36477?
27
What is the highest common divisor of 209673351 and 402?
201
Calculate the greatest common factor of 299 and 14210228.
23
Calculate the greatest common factor of 628 and 316270691.
157
What is the greatest common divisor of 63957 and 843?
3
What is the highest common factor of 1117 and 64290052?
1117
Calculate the greatest common divisor of 1845018 and 152334.
378
Calculate the highest common divisor of 396 and 1190453.
11
What is the greatest common factor of 2914 and 5828094?
94
Calculate the highest common divisor of 310 and 11436830.
310
Calculate the greatest common divisor of 2474550 and 23166.
2106
What is the highest common factor of 43004 and 1755052?
52
What is the greatest common divisor of 27675 and 1328913?
27
Calculate the highest common factor of 8967 and 1332667.
427
Calculate the greatest common divisor of 299414445 and 21945.
3135
What is the greatest common factor of 8562994 and 88?
22
What is the highest common divisor of 20 and 28090780?
20
Calculate the highest common divisor of 860768 and 53071.
727
What is the highest common factor of 390 and 11782095?
195
Calculate the greatest common factor of 5023968 and 696.
24
Calculate the highest common factor of 2408895 and 4275.
45
What is the greatest common divisor of 798 and 5498106?
114
What is the greatest common factor of 6305 and 126532620?
485
What is the greatest common factor of 34440 and 877464?
168
What is the greatest common factor of 836 and 3200170?
38
What is the greatest common divisor of 1612513 and 14?
7
What is the greatest common divisor of 42636 and 77124?
12
What is the greatest common divisor of 679201 and 1071?
17
What is the greatest common factor of 3258 and 37830267?
1629
Calculate the highest common divisor of 608340 and 780.
60
What is the greatest common divisor of 7621515 and 26730?
495
Calculate the greatest common factor of 2168 and 35924031.
271
What is the highest common divisor of 1424 and 87235664?
1424
What is the highest common factor of 6936 and 14650056?
408
Calculate the greatest common divisor of 28546 and 5110.
14
Calculate the greatest common factor of 144104051 and 2795.
559
Calculate the highest common factor of 7749 and 3048381.
189
Calculate the greatest common divisor of 1415283103 and 13.
13
What is the greatest common factor of 228135 and 47240970?
3405
What is the highest common factor of 975 and 218803325?
325
Calculate the greatest common divisor of 11048577 and 27.
3
What is the greatest common divisor of 858963 and 81?
3
What is the highest common factor of 155186 and 365552?
62
What is the greatest common factor of 15876 and 105252?
588
Calculate the greatest common divisor of 5485504 and 320.
64
Calculate the highest common divisor of 102 and 1920354.
102
What is the highest common factor of 168536940 and 3003?
429
Calculate the highest common divisor of 11090 and 12680306.
2218
Calculate the highest common factor of 107211262 and 152.
38
Calculate the greatest common divisor of 19239 and 1852191.
1749
Calculate the greatest common factor of 1874717 and 13858.
169
What is the highest common divisor of 162431 and 378480?
1577
Calculate the greatest common factor of 4660 and 2160842.
466
What is the greatest common factor of 27625 and 2516527?
221
What is the greatest common factor of 64512 and 76636?
28
Calculate the greatest common divisor of 15938 and 489996.
26
Calculate the highest common factor of 193017 and 642.
3
What is the greatest common divisor of 1807799 and 13534?
101
Calculate the highest common factor of 413579194 and 4427.
4427
What is the highest common divisor of 30 and 22454316?
6
Calculate the greatest common factor of 177257344 and 2948.
2948
What is the greatest common divisor of 1346 and 12043335?
673
What is the greatest common divisor of 120 and 3000736?
8
What is the greatest common factor of 3144810 and 30?
30
What is the highest common divisor of 1678574 and 90139?
163
Calculate the highest common divisor of 452055327 and 6.
3
Calculate the greatest common factor of 7439 and 83905.
173
What is the greatest common divisor of 66 and 5079206?
22
What is the greatest common divisor of 109771788 and 2142?
714
What is the highest common divisor of 11 and 3790871216?
11
What is the greatest common divisor of 645353235 and 45?
45
Calculate the highest common factor of 40081192 and 13496.
1928
What is the highest common divisor of 148429074 and 2514?
2514
What is the highest common factor of 1432320 and 1840?
80
What is the highest common factor of 54074560 and 15080?
1160
What is the greatest common factor of 42 and 29370138?
42
Calculate the highest common divisor of 30370368 and 48.
48
Calculate the highest common divisor of 1448694 and 8487.
369
Calculate the greatest common factor of 1867348 and 544.
68
Calculate the highest common divisor of 58 and 57439.
1
Calculate the highest common divisor of 311654096 and 1784.
1784
Calculate the highest common factor of 21672 and 546444.
1548
Calculate the highest common divisor of 173913 and 20851.
29
Calculate the greatest common divisor of 18056805 and 1690.
845
Calculate the highest common factor of 11067 and 971943.
651
What is the greatest common divisor of 213 and 164666253?
213
Calculate the highest common divisor of 367628 and 1293852.
292
Calculate the highest common factor of 2400 and 3665700.
300
Calculate the highest common factor of 41020239 and 1131.
1131
What is the greatest common factor of 3822280 and 8483?
17
Calculate the highest common factor of 297145605 and 334.
167
What is the highest common factor of 558 and 2848776?
186
What is the greatest common factor of 2947856256 and 6597?
6597
What is the highest common factor of 228509 and 5?
1
Calculate the highest common factor of 116452910 and 46.
46
What is the highest common divisor of 3818945 and 41?
41
What is the highest common factor of 2867 and 27758477?
61
Calculate the highest common divisor of 160 and 90099440.
80
What is the highest common factor of 1548 and 8253162?
774
Calculate the highest common factor of 113203266 and 22383.
2487
What is the highest common divisor of 210 and 13437690?
210
What is the greatest common divisor of 905 and 198813115?
905
Calculate the highest common divisor of 186 and 5900912.
62
Calculate the greatest common divisor of 2018608 and 194834.
3194
Calculate the highest common factor of 3500 and 150808700.
700
Calculate the greatest common divisor of 935 and 477574999.
187
What is the greatest common factor of 30232906 and 59972?
638
Calculate the highest common factor of 15048 and 298093356.
7524
Calculate the highest common divisor of 167593 and 383.
1
Calculate the highest common divisor of 20722179 and 25707.
2337
What is the highest common factor of 63913322 and 44?
22
Calculate the greatest common divisor of 1718530 and 5885.
55
What is the greatest common divisor of 10547790 and 990?
330
What is the highest common divisor of 8101824 and 960?
192
Calculate the greatest common factor of 60 and 10080100.
20
What is the highest common factor of 789358 and 740?
74
Calculate the greatest common factor of 1122 and 30207474.
66
Calculate the highest common divisor of 17500 and 110142500.
2500
C